{"id":238,"date":"2022-09-06T22:55:46","date_gmt":"2022-09-06T20:55:46","guid":{"rendered":"https:\/\/formlab.dk\/yantra-frekvenser-i-bevaegelse\/?page_id=238"},"modified":"2026-04-17T18:46:01","modified_gmt":"2026-04-17T18:46:01","slug":"om-projektet-yantra-frekvenser-i-bevaegelse","status":"publish","type":"page","link":"https:\/\/yantra-frekvenser-i-bevaegelse.formlab.dk\/","title":{"rendered":"Om projektet: &#8220;Yantra &#8211; frekvenser i bev\u00e6gelse&#8221;"},"content":{"rendered":"\n<div class=\"wp-block-columns is-layout-flex wp-container-core-columns-is-layout-9d6595d7 wp-block-columns-is-layout-flex\">\n<div class=\"wp-block-column is-layout-flow wp-block-column-is-layout-flow\">\n<p>Gennem elektronisk klang og meditative digitale billedforl\u00f8b s\u00e6tter \u201cYantra \u2013 frekvenser i bev\u00e6gelse\u201d fokus p\u00e5 det tv\u00e6rkulturelle og det globale i det lokale ved at forene energierne fra et flere tusind \u00e5r gammelt \u00f8stligt princip med en dansk sensommerdag.<\/p>\n\n\n\n<p>V\u00e6rket blander digitaliserede malerier inspireret af indiske billeder (Yantra) og ny komponeret meditativ, elektronisk lyd.<\/p>\n\n\n\n<p>Billedkunstner Christina Weisgard har skabt materialet til billedsiden mens komponisten Jakob Draminsky H\u00f8jmark st\u00e5r for musikken til v\u00e6rkets syv satser.<\/p>\n\n\n\n<p>Det musikalske klangrum omkring \u201cYantra \u2013 frekvenser i bev\u00e6gelse\u201d intoneres efter Johannes Keplers 1600-tals ideer om sf\u00e6rens musik mens farvevariationerne i de digitaliserede Yantra tr\u00e6kker p\u00e5 ideer fra A. W. Rimingtons bog fra 1912, Colour-Music.<\/p>\n\n\n\n<p>Hver af de dronebaserede satser udvikler sig indenfor et specifikt klang- og frekvensomr\u00e5de relateret til et af de syv Yantra, og kan opleves enkeltvis eller som en samlet verden.<\/p>\n\n\n\n<div class=\"wp-block-columns is-layout-flex wp-container-core-columns-is-layout-9d6595d7 wp-block-columns-is-layout-flex\">\n<div class=\"wp-block-column is-layout-flow wp-block-column-is-layout-flow\" style=\"flex-basis:33.33%\">\n<figure class=\"wp-block-image size-full\"><img loading=\"lazy\" decoding=\"async\" width=\"300\" height=\"300\" src=\"https:\/\/yantra-frekvenser-i-bevaegelse.formlab.dk\/wp-content\/uploads\/2026\/04\/yantra_med_blaek.jpg\" alt=\"\" class=\"wp-image-430\" srcset=\"https:\/\/yantra-frekvenser-i-bevaegelse.formlab.dk\/wp-content\/uploads\/2026\/04\/yantra_med_blaek.jpg 300w, https:\/\/yantra-frekvenser-i-bevaegelse.formlab.dk\/wp-content\/uploads\/2026\/04\/yantra_med_blaek-150x150.jpg 150w\" sizes=\"auto, (max-width: 300px) 100vw, 300px\" \/><\/figure>\n<\/div>\n\n\n\n<div class=\"wp-block-column is-layout-flow wp-block-column-is-layout-flow\" style=\"flex-basis:66.66%\">\n<p><strong> OTOOTO, Tokyo 18-02-2023<\/strong><\/p>\n\n\n\n<p>\u201cYantra \u2013 frequencies in motion\u201d at OTOOTO was a speciel concert event with TONEG\u00c4NGER (Sawada\/Draminsky) featuring Yurihito Watanabe aka yxetm+ on vocals.<br><a href=\"https:\/\/yantra-frekvenser-i-bevaegelse.formlab.dk\/index.php\/yantra-frequencies-in-motion-otooto-18-02-2023-tokyo\/\">L\u00e6s mere her>><\/a><\/p>\n<\/div>\n<\/div>\n\n\n\n<div style=\"height:31px\" aria-hidden=\"true\" class=\"wp-block-spacer\"><\/div>\n\n\n\n<div class=\"wp-block-columns is-layout-flex wp-container-core-columns-is-layout-9d6595d7 wp-block-columns-is-layout-flex\">\n<div class=\"wp-block-column is-layout-flow wp-block-column-is-layout-flow\" style=\"flex-basis:33.33%\">\n<figure class=\"wp-block-image size-full\"><img loading=\"lazy\" decoding=\"async\" width=\"300\" height=\"300\" src=\"https:\/\/yantra-frekvenser-i-bevaegelse.formlab.dk\/wp-content\/uploads\/2026\/04\/mobile_yantra_logo.jpg\" alt=\"\" class=\"wp-image-428\" srcset=\"https:\/\/yantra-frekvenser-i-bevaegelse.formlab.dk\/wp-content\/uploads\/2026\/04\/mobile_yantra_logo.jpg 300w, https:\/\/yantra-frekvenser-i-bevaegelse.formlab.dk\/wp-content\/uploads\/2026\/04\/mobile_yantra_logo-150x150.jpg 150w\" sizes=\"auto, (max-width: 300px) 100vw, 300px\" \/><\/figure>\n<\/div>\n\n\n\n<div class=\"wp-block-column is-layout-flow wp-block-column-is-layout-flow\" style=\"flex-basis:66.66%\">\n<p><strong>The Mobile Yantra Project <\/strong><br><strong>October 2022<\/strong><br>The Mobile Yantra Project takes the original material from our installation Frequencies in Motion into a new spin: Recording it from tablets, portable DVD players and other small screen gadgets left in contrasting environments.<br><a href=\"https:\/\/yantra-frekvenser-i-bevaegelse.formlab.dk\/index.php\/mobile-yantra-frequencies-into-motion\/\">L\u00e6se mere her>><\/a><\/p>\n<\/div>\n<\/div>\n\n\n\n<div style=\"height:31px\" aria-hidden=\"true\" class=\"wp-block-spacer\"><\/div>\n\n\n\n<div class=\"wp-block-columns is-layout-flex wp-container-core-columns-is-layout-9d6595d7 wp-block-columns-is-layout-flex\">\n<div class=\"wp-block-column is-layout-flow wp-block-column-is-layout-flow\" style=\"flex-basis:33.33%\">\n<figure class=\"wp-block-image size-full\"><img loading=\"lazy\" decoding=\"async\" width=\"300\" height=\"300\" src=\"https:\/\/yantra-frekvenser-i-bevaegelse.formlab.dk\/wp-content\/uploads\/2026\/04\/gallery_o.jpg\" alt=\"\" class=\"wp-image-431\" srcset=\"https:\/\/yantra-frekvenser-i-bevaegelse.formlab.dk\/wp-content\/uploads\/2026\/04\/gallery_o.jpg 300w, https:\/\/yantra-frekvenser-i-bevaegelse.formlab.dk\/wp-content\/uploads\/2026\/04\/gallery_o-150x150.jpg 150w\" sizes=\"auto, (max-width: 300px) 100vw, 300px\" \/><\/figure>\n<\/div>\n\n\n\n<div class=\"wp-block-column is-layout-flow wp-block-column-is-layout-flow\" style=\"flex-basis:66.66%\">\n<p><strong>Gallery O \u2022 Vestergade 12 \u2022 4930 Maribo<\/strong><br><strong>Fra den 23. september 2022 til den 9. oktober<\/strong> <br>Formlab &amp; MultiSounds fyldte Gallery O\u2019s rum med lyd- og billedv\u00e6rket , \u201cYantra \u2013 frekvenser i bev\u00e6gelse\u201d.<br><a href=\"https:\/\/yantra-frekvenser-i-bevaegelse.formlab.dk\/index.php\/yantra-frekvenser-i-bevaegelse-i-gallery-o\/\">L\u00e6se mere her>><\/a><\/p>\n<\/div>\n<\/div>\n\n\n\n<div style=\"height:31px\" aria-hidden=\"true\" class=\"wp-block-spacer\"><\/div>\n\n\n\n<div class=\"wp-block-columns is-layout-flex wp-container-core-columns-is-layout-9d6595d7 wp-block-columns-is-layout-flex\">\n<div class=\"wp-block-column is-layout-flow wp-block-column-is-layout-flow\" style=\"flex-basis:33.33%\">\n<figure class=\"wp-block-image size-full\"><img loading=\"lazy\" decoding=\"async\" width=\"300\" height=\"300\" src=\"https:\/\/yantra-frekvenser-i-bevaegelse.formlab.dk\/wp-content\/uploads\/2026\/04\/yantra_metronomen.jpg\" alt=\"\" class=\"wp-image-432\" srcset=\"https:\/\/yantra-frekvenser-i-bevaegelse.formlab.dk\/wp-content\/uploads\/2026\/04\/yantra_metronomen.jpg 300w, https:\/\/yantra-frekvenser-i-bevaegelse.formlab.dk\/wp-content\/uploads\/2026\/04\/yantra_metronomen-150x150.jpg 150w\" sizes=\"auto, (max-width: 300px) 100vw, 300px\" \/><\/figure>\n<\/div>\n\n\n\n<div class=\"wp-block-column is-layout-flow wp-block-column-is-layout-flow\" style=\"flex-basis:66.66%\">\n<p><strong>Den 23.08.22 <\/strong>fyldte Formlab og MultiSounds Metronomens rum og vinduer med lyd- og billedv\u00e6rket, \u201cYantra \u2013 frekvenser i bev\u00e6gelse\u201d.<br><strong>Metronomen \u2022 Godth\u00e5bsvej 33 \u2022 2000 Frederiksberg<\/strong><br><a href=\"https:\/\/yantra-frekvenser-i-bevaegelse.formlab.dk\/index.php\/en-event-med-yantra-af-christina-weisgard-og-lyd-jakob-draminsky-hoejmark\/\" data-type=\"page\" data-id=\"6\">L\u00e6s mere her>><\/a><\/p>\n\n\n\n<p><\/p>\n\n\n\n<p><\/p>\n\n\n\n<p><\/p>\n\n\n\n<p><\/p>\n\n\n\n<p><\/p>\n\n\n\n<p><\/p>\n\n\n\n<p><\/p>\n\n\n\n<p><\/p>\n\n\n\n<p><\/p>\n<\/div>\n<\/div>\n<\/div>\n<\/div>\n","protected":false},"excerpt":{"rendered":"<p>Gennem elektronisk klang og meditative digitale billedforl\u00f8b s\u00e6tter \u201cYantra \u2013 frekvenser i bev\u00e6gelse\u201d fokus p\u00e5 det tv\u00e6rkulturelle og det globale i det lokale ved at forene energierne fra et flere tusind \u00e5r gammelt \u00f8stligt princip med en dansk sensommerdag. V\u00e6rket blander digitaliserede malerier inspireret af indiske billeder (Yantra) og ny komponeret meditativ, elektronisk lyd. Billedkunstner&#8230;<\/p>\n","protected":false},"author":1,"featured_media":0,"parent":0,"menu_order":0,"comment_status":"closed","ping_status":"closed","template":"","meta":{"footnotes":""},"class_list":["post-238","page","type-page","status-publish","hentry"],"_links":{"self":[{"href":"https:\/\/yantra-frekvenser-i-bevaegelse.formlab.dk\/index.php\/wp-json\/wp\/v2\/pages\/238","targetHints":{"allow":["GET"]}}],"collection":[{"href":"https:\/\/yantra-frekvenser-i-bevaegelse.formlab.dk\/index.php\/wp-json\/wp\/v2\/pages"}],"about":[{"href":"https:\/\/yantra-frekvenser-i-bevaegelse.formlab.dk\/index.php\/wp-json\/wp\/v2\/types\/page"}],"author":[{"embeddable":true,"href":"https:\/\/yantra-frekvenser-i-bevaegelse.formlab.dk\/index.php\/wp-json\/wp\/v2\/users\/1"}],"replies":[{"embeddable":true,"href":"https:\/\/yantra-frekvenser-i-bevaegelse.formlab.dk\/index.php\/wp-json\/wp\/v2\/comments?post=238"}],"version-history":[{"count":6,"href":"https:\/\/yantra-frekvenser-i-bevaegelse.formlab.dk\/index.php\/wp-json\/wp\/v2\/pages\/238\/revisions"}],"predecessor-version":[{"id":473,"href":"https:\/\/yantra-frekvenser-i-bevaegelse.formlab.dk\/index.php\/wp-json\/wp\/v2\/pages\/238\/revisions\/473"}],"wp:attachment":[{"href":"https:\/\/yantra-frekvenser-i-bevaegelse.formlab.dk\/index.php\/wp-json\/wp\/v2\/media?parent=238"}],"curies":[{"name":"wp","href":"https:\/\/api.w.org\/{rel}","templated":true}]}}